)/1. Let o be 2*2 - (-4)/2. Let y = p - o. Calculate the highest common factor of y and 18.
2
Let g(u) = -u**2 + u + 23. Let a be g(0). Let c = a + -10. Suppose 2*h = 7*h - 260. Calculate the greatest common factor of h and c.
13
Let j(d) = -d**3 - 8*d**2 - 5*d - 12. Let x(g) = -g. Let t(a) = j(a) - 2*x(a). Let m be t(-8). What is the highest common factor of 30 and m?
6
Let o = -73 - -115. What is the highest common factor of 14 and o?
14
Suppose -787 = -4*w + 89. Suppose 201 = 4*m + 4*t - w, 2*t = 2*m - 190. What is the greatest common divisor of 40 and m?
20
Let u = 375 + -213. Let n = 321 - 168. Suppose 5*y = u + n. What is the greatest common factor of 9 and y?
9
Suppose 7*n = 6 + 36. Calculate the highest common divisor of n and 30.
6
Suppose 0 = -x + 4, -3*d - x - 2*x + 24 = 0. Calculate the highest common divisor of 6 and d.
2
Let c(w) = -4 + 5 + 5 - w. Let l be c(4). Suppose -i = 3*h + l*i - 18, 3*h - 33 = 2*i. Calculate the greatest common factor of 63 and h.
9
Suppose 3*b + 4*r = 23, -2*b + 15 = 3*b + 2*r. Let j be b/2 + (-495)/(-6). Suppose -367 - j = -5*w. What is the highest common factor of w and 10?
10
Let a = -2 + 10. Suppose 0 = a*c - 5*c - 54. Calculate the greatest common divisor of 9 and c.
9
Let d be (-2)/3 + 0 + 84/18. What is the highest common divisor of d and 7?
1
Let j = 31 - 15. Let z = 26 - j. Suppose -5*l = -4*h + 125, -100 = 3*h - 8*h - 5*l. What is the highest common divisor of z and h?
5
Suppose 5*z = -5*h + 45, 5*z - 10 = h + h. Suppose 3 + 3 = 2*u. Suppose -4*b = -5*t + 25, 2*b = -5*t + u*b + 10. Calculate the highest common factor of t and z.
1
Let s be 18/2 + 0 + 1. What is the highest common factor of s and 90?
10
Suppose 2*q - 6 = 2*b - b, 3*q = -5*b + 9. Suppose 18 = 2*x - b*x. Let g be 77 - (112/(-42))/((-4)/(-6)). What is the highest common divisor of g and x?
9
Let w(v) = -4*v**3 - v**2 - 3*v + 2. Let c be w(-2). Suppose -24 = -3*t - i, 2*t = -i - 0*i + 15. Calculate the highest common divisor of c and t.
9
Suppose -2*y + 9 = 3. Suppose y*n + 8 = 7*n. Suppose 0 = n*s - 3*a + 2*a - 21, a - 39 = -4*s. Calculate the greatest common divisor of s and 5.
5
Let v = 5 + -2. Calculate the greatest common divisor of 21 and v.
3
Suppose 11*q + 0*q - 44 = 0. What is the greatest common divisor of q and 1?
1
Suppose 0*p = p + 5*u - 77, 2*p + 3*u - 126 = 0. What is the greatest common factor of p and 38?
19
Suppose 0 = -4*q - 4*h - 24, -5*q - 5*h = -4*q + 14. Let f(y) = -21*y - 4. Let m be f(q). What is the greatest common divisor of 20 and m?
20
Let w be 4 + 13/(52/264). What is the highest common factor of w and 14?
14
Suppose 0*y = y + 2. Let z be ((-1)/y)/((-1)/(-2)). Let f be (28/(-7))/((-2)/z). Calculate the highest common factor of 1 and f.
1
Let v(z) = -5*z**3 - z**2 - 3*z - 2. Let n be v(-3). Let i = 42 - 23. Calculate the highest common divisor of i and n.
19
Let c(u) = 143*u. Let v be c(1). Let l = -52 + 65. What is the highest common divisor of v and l?
13
Suppose -2*l + 20 = 3*l. Let s = l - 6. Let p be (3/s)/(2/(-28)). What is the greatest common factor of p and 63?
21
Let v(b) = 3. Let a(h) = h**2 + h + 1. Let u(j) = a(j) - v(j). Let p be u(2). Calculate the highest common divisor of 10 and p.
2
Let r be ((-7)/(-14))/(1/(104/4)). Suppose 4*k - 26 - 6 = 0. Suppose 18 = u - k. Calculate the highest common factor of r and u.
13
Let w(r) = r - 9. Let f be w(10). Suppose -18 = -l - l. Calculate the greatest common factor of l and f.
1
Let n(f) be the first derivative of -5*f**2 + f + 2. Let c be 2/(-4) - (-15)/(-10). Let h be n(c). What is the highest common factor of 3 and h?
3
Let j = 29 - 7. What is the highest common divisor of 22 and j?
22
Suppose -4*a = -4*t - 20, 3*a - 1 = -t + 10. Suppose -2*w + 24 = 2*w + a*m, 2*w + 4*m = 20. What is the highest common divisor of w and 22?
2
Let u = -37 + 44. What is the highest common factor of 21 and u?
7
Let w = 111 - -74. What is the greatest common factor of 37 and w?
37
Suppose 5*z = -s + 4*s + 54, -3*z = -5*s - 26. Suppose -3*n - 660 = -8*n. What is the greatest common divisor of n and z?
12
Let q(d) = -d**3 - 5*d**2 + 5*d - 2. Let b(v) = -v**2 - v - 6. Let l be b(0). Let x be q(l). Calculate the greatest common divisor of x and 28.
4
Suppose 0 = 2*k + 2*k + 80. Let t be 0 + (3 - 1) + -1. Let c = t - k. Calculate the greatest common divisor of c and 21.
21
Let c = -64 + 138. Calculate the highest common divisor of 111 and c.
37
Suppose -z + 5*z = -5*d + 736, 128 = d - 4*z. Calculate the highest common divisor of 18 and d.
18
Let p = -9 - -13. Suppose 8 = 4*b + 2*i - 4, p*i = b - 12. Suppose 3*h - t = 2*t + 33, h - 16 = -b*t. What is the highest common factor of h and 108?
12
Let b(c) = 3*c**2 + 3*c. Let g be b(3). Calculate the highest common divisor of g and 12.
12
Let q be (-1)/(1*1/(-3)). Suppose 5*j = -3*b + 108, -139*b + 137*b = -j + 19. Calculate the highest common factor of q and j.
3
Suppose 4*f + 2 = 3*f. Let p = 155 + f. Calculate the highest common divisor of 17 and p.
17
Let l(b) = -3*b**2 - 13*b - 16. Let z(j) = -7*j**2 - 26*j - 33. Let t(f) = 5*l(f) - 2*z(f). Let r be t(-10). What is the greatest common factor of r and 32?
16
Suppose 3*x = j + 94, -j = -0*x + 3*x - 92. What is the greatest common divisor of x and 341?
31
Let l = 2 - 1. Let k be 24/(-14) + 6/(-21). Let v be k + 17 - -1 - l. What is the highest common factor of 5 and v?
5
Suppose 7*o - 14*o + 84 = 0. Calculate the highest common factor of o and 60.
12
Let t be 1*4/22 + 320/55. Calculate the greatest common divisor of 6 and t.
6
Suppose 5*t = 2 + 58. What is the highest common factor of t and 48?
12
Let h(y) = 10*y - 64. Let v be h(19). Suppose 0 = -k - 4*k + 70. Calculate the greatest common divisor of k and v.
14
Let r(j) = 66*j**2 - 2*j + 1. Let m be r(1). Suppose 5*v = -5*y + m, -2*y + 3*y - 25 = -4*v. Calculate the greatest common factor of y and 27.
9
Let d = 9 + -10. Let w be ((-13)/(-2))/(d/(-6)). Calculate the greatest common divisor of w and 26.
13
Let y(l) = l**2 + 2*l - 5. Let j be y(-4). Suppose 2*i - z + 1 = 0, i + 5*z - 33 = -j*i. What is the greatest common divisor of i and 14?
2
Let g = 32 + -44. Suppose -5*k - 27 - 78 = 0. Let n = g - k. Calculate the highest common divisor of 3 and n.
3
Let y be (2 + 0 + -2)/(-2). Suppose -2*s - 6 + 22 = y. What is the highest common divisor of 1 and s?
1
Suppose 55 = -3*h + 8*h. Calculate the highest common factor of 1 and h.
1
Let n = -10 - -13. Suppose -n*s - 172 = -676. Calculate the highest common factor of s and 21.
21
Let j(k) = 5*k - 1. Let p be j(2). Calculate the highest common factor of p and 63.
9
Let h(g) = -g + 13. Let k be h(7). What is the highest common divisor of 18 and k?
6
Let f be ((-16)/(-48))/(0 + (-2)/(-96)). Calculate the greatest common divisor of f and 32.
16
Let v = -6 + 7. Let u be 2/(501/495 - v). Let r(a) = -2*a**3 - 4*a**2 + a. Let w be r(-3). Calculate the highest common factor of u and w.
15
Let o(h) = -h - 8. Let b be o(-7). Let j be -2 + b*(-14 - 2). Calculate the greatest common factor of j and 21.
7
Let i = 24 + -6. What is the greatest common factor of 12 and i?
6
Let z(a) = a**2 + a - 8. Let o be z(-6). Let d be o/(4 - 2) - 3. Calculate the highest common factor of 1 and d.
1
Suppose k - 26 = -5*h, 4*k = 3*h - h + 60. Calculate the greatest common factor of 176 and k.
16
Let u be -3 + -1 + (0 - -2). Let z(v) = 5*v**2 + 2*v - 1. Let t be z(u). What is the greatest common factor of 120 and t?
15
Let z = 18 - 21. Let j(s) = 5*s**2 - 3*s + 2. Let x be j(z). What is the greatest common factor of x and 14?
14
Let k(s) be the second derivative of s**4/12 - s**3/3 + s**2 - 2*s. Let i be k(2). Suppose 2*d + i*d - 48 = 0. Calculate the greatest common factor of 8 and d.
4
Suppose j + 5*i = i + 13, -5*j + 5*i + 15 = 0. Suppose p + 0*l = 4*l, -4*p = j*l - 21. Calculate the highest common divisor of p and 12.
4
Let l(c) = 33*c**2 + c + 1. Suppose -4*n + 21 = -x, 4*x = 9*x - 4*n + 25. Let g be l(x). What is the highest common divisor of 3 and g?
3
Let i be 20 - (1 + (-1 - -1)). Let j be (-276)/(-10) + (-3)/5. Let q = j - i. Calculate the greatest common factor of q and 64.
8
Suppose 0 = 5*y - 6*y + 176. Let c = 6 + 0. Suppose -n = -22 + c. What is the highest common divisor of y and n?
16
Let a(b